 z - 2*z, 0 = -4*z - 3*b - 12. Suppose 12*o + 88 = o. What is the tens digit of (-104)/z*(-12)/o?
2
Let g = 11 - -314. What is the hundreds digit of g?
3
Let l = 20 + -17. Suppose -5*a = x - 17, -l = -4*a + 5*a - 3*x. Suppose -c = -a*c + 146. What is the tens digit of c?
7
Let x(r) = -6*r - 27. Suppose 4*b = 2*j - 0*j + 14, -6 = 3*b. What is the tens digit of x(j)?
3
Suppose -4*r = 4*w - 29 + 9, -2*r + 18 = -2*w. What is the tens digit of -6 + r + (3 - -93)?
9
Let a be (-1287)/(-6) - 6/(-4). Suppose 19*j = 13*j + a. What is the tens digit of j?
3
Let h(i) = 862*i**2 + 29*i - 28. What is the tens digit of h(1)?
6
Let b(c) = 3*c + 3. Let g(s) = 6 + 8 + 9*s + 2 + 6*s. Let k(v) = -11*b(v) + 2*g(v). What is the units digit of k(-2)?
5
Let h = 2523 - 722. What is the tens digit of h?
0
Suppose 2*z = -4*x - 216, -z + 5*x - 143 = -0*z. Let y = z - -233. What is the hundreds digit of y?
1
Let v(i) = 1. Let r(s) = 2*s - 2. Let j(f) = -r(f) - 6*v(f). Let o be j(-3). Suppose -o*c + 7*c = 95. What is the units digit of c?
9
Let l be (3/(3/2))/2. Suppose 0*n + 3*n = -5*x - 5, 3*n - x - 19 = 0. Suppose -n*h + 81 - l = 0. What is the units digit of h?
6
Suppose 34*s = 32*s + 420. Let t = 353 - s. What is the tens digit of t?
4
Let o = 2 - 15. Let h = -21 - o. Let s = 15 - h. What is the units digit of s?
3
Let s(z) = -2767*z + 50. What is the units digit of s(-1)?
7
Let n(t) be the second derivative of -13*t**3/6 - 8*t**2 - 11*t. What is the units digit of n(-7)?
5
Let z be (2 + -4 + 5)/(24/64). Suppose -q - 385 = -z*q. What is the tens digit of q?
5
Suppose 4*m + 23 = -2*c - 81, 0 = -2*m + 2*c - 46. Let y = m - -13. Let w = -9 - y. What is the units digit of w?
3
Suppose -7 = -2*l + 3. Let n be (-1 - l)/(6/4). What is the units digit of (-6)/(-4) - 42/n?
2
Let c(j) = 9*j**2 - 7*j - 20. Let u be c(7). Suppose 11*z - 8*z = u. What is the tens digit of z?
2
Suppose -5*w - 5 = 5*s, 4*s = w + 3*s - 9. Suppose -233 = -w*y - 2*k + 469, 5*y - 2*k - 855 = 0. What is the units digit of y?
3
Suppose -5*l = -3 - 7. What is the tens digit of (84/(-49))/(l/(-35))?
3
What is the units digit of (-468)/(-91)*7*(-2)/(-4)?
8
Let s = 119 - -187. What is the units digit of s?
6
Let g(k) = 3*k**2 + 2 + 5*k + 3*k**2 - 3*k**2. Suppose 0 = -5*v - 21 + 6. What is the units digit of g(v)?
4
Let h(r) be the second derivative of r**4/6 - 7*r**3/6 + 5*r**2/2 + 2*r. Let g be h(9). Let p = g - 59. What is the tens digit of p?
4
Suppose -258 + 28 = 2*d. Let t = 168 + d. What is the units digit of t?
3
Let p(y) be the first derivative of 5*y**3/3 + y**2 + 3*y + 1. Let w be p(-4). Suppose -2*o = o - w. What is the tens digit of o?
2
Suppose -2*g = -4*r + g - 46, r = -4*g - 2. Let y = r - -8. What is the tens digit of (y + 2/(-4))*-10?
2
Suppose 15*i - 21273 = 4272. What is the tens digit of i?
0
Let z = 0 + 12. Let c(b) = -5 - 1 - 10*b - 4*b**3 - 11*b**2 + 2 + 5*b**3. What is the units digit of c(z)?
0
Let k be -1 + (-51)/(-6) - 1/2. Let w(i) = 2*i**2 - 7*i - 7. What is the tens digit of w(k)?
4
Let h = 1330 - 624. What is the units digit of h?
6
Suppose 5*s = -4*d + 45, -4*s + 30 = -0*d + 2*d. Suppose 0 = -s*j + 21 - 11. What is the units digit of j?
2
Let n = -373 - -1752. What is the tens digit of n?
7
Suppose 2*q - 3*s = 4969, 0 = -3*q - 4*s + 3556 + 3940. What is the hundreds digit of q?
4
Let k = 121 - 124. What is the units digit of 340 - (0 + k) - (-4 - -8)?
9
Let g = 36 - 38. What is the hundreds digit of (-1 - g) + -3 + 170?
1
Let p = 8595 + -4071. What is the tens digit of p?
2
Suppose -20 = -5*g, 5*g - 8 - 12 = -5*i. Suppose i = -p + 10 - 6. Let y(l) = 2*l**2 - 5*l + 5. What is the units digit of y(p)?
7
Let f = -26 - -31. Suppose 3*z + 2*z - 90 = -5*p, 0 = 3*p - f*z - 94. What is the tens digit of p?
2
Let i be (1 + 5)/(6/4). Suppose i*p - z - 3*z = -8, -4*p + 5*z = 12. Suppose 1 = 2*n - 7, 0 = p*x - 5*n - 28. What is the units digit of x?
4
Let v be (-3)/6*2 + 101. Suppose -a = 3*a - v. Suppose i - a - 3 = 0. What is the units digit of i?
8
Suppose -67 = -3*f - 295. Let s be (0 + f/12)*-3. Let d = 11 + s. What is the units digit of d?
0
Let l(y) be the third derivative of y**5/12 - y**4/12 - y**3/6 - 3*y**2. Let v be l(-1). What is the units digit of (-2)/v - (-49)/3?
6
Suppose -4 - 1 = -5*u. Let w = -189 - -185. What is the units digit of (-5)/(2 + w + u)?
5
Let s(k) = -k**3 - 5*k**2 - 2*k - 10. Let w be s(-5). Suppose -2*t - 54 = -j, 4*j = -w*j - t + 171. What is the units digit of j?
4
Let q(c) = 10*c - 52. Let j be q(24). Let f = j - 97. What is the units digit of f?
1
Let c(s) = 11*s + 129. What is the tens digit of c(15)?
9
Let i(m) = 1205*m**3 + 2*m**2 - 4*m + 3. Let w be i(1). Suppose w = -0*l + 9*l. What is the hundreds digit of l?
1
Let b(v) be the third derivative of -v**5/60 + 5*v**4/8 - v**3/3 - 4*v**2. Suppose 4*c = 2*h - 34, h - 12 = c - 0*c. What is the tens digit of b(h)?
5
Suppose 183 + 48 = -3*o. Let a be o/((-3 + 6)/(-3)). Let z = a - 39. What is the units digit of z?
8
Let j be -1 + (-4 - (-1 + 2)). Let u(z) = -z**2 - 7*z - 4. Let n be u(j). Suppose -5*q - 44 = -2*r, 24 = r - n*q - 0. What is the tens digit of r?
3
Suppose c - 251 = -0*v - 3*v, 0 = 4*v + 16. What is the hundreds digit of c?
2
Let q(h) = h**3 + 5*h**2 - 2*h - 5. Let f be q(-5). What is the units digit of (2 + 2 - 1) + f?
8
Let c(d) be the third derivative of d**5/60 - d**4/24 + d**3/2 - 2*d**2. Suppose 3*n + 19 = 10. What is the tens digit of c(n)?
1
Let b(m) = m**3 + 7*m**2 - 2*m + 9. Suppose 6*l = -20 - 22. Let g be b(l). What is the tens digit of g/1 - (-12)/(-3)?
1
Let j = -21 - -21. Let m be j/((-1 - 3) + 3). Suppose m*k = 2*k + 4*f - 88, 4*k - 161 = -5*f. What is the tens digit of k?
3
Suppose -s = -5*s + z - 83, s = 5*z - 16. Let q = s - -35. What is the units digit of q?
4
Let g(p) = 5*p**2 + 4*p - 3. Let u be g(2). Let k(f) = f - 3. Let v be k(6). Suppose -v*r - 10 = -r, 5*q = -5*r + u. What is the tens digit of q?
1
Suppose -2*l = 2*n - 42, n + 4*l = -0*n + 33. Let x(g) = -g**3 - 8*g**2 + 2*g + 47. Let m be x(-7). Let r = n - m. What is the units digit of r?
3
Suppose -6*t + 3*t + 1795 = -5*j, -3*t = -2*j - 1807. What is the units digit of t?
5
Suppose -c + 4*m = -128, 202 + 216 = 3*c + 5*m. Let v = c - 59. What is the units digit of v?
7
Let d(c) = 2662*c**3 - 2*c**2 - 3*c + 2. What is the thousands digit of d(1)?
2
Let k(s) = s**3 - s**2 - 10*s + 9. Let r(f) = -f**3 + 10*f - 10. Let n(t) = 6*k(t) + 7*r(t). What is the hundreds digit of n(-9)?
1
Suppose 0 = 2*f + 8*v - 6*v - 522, 4*f - 1050 = 2*v. What is the hundreds digit of f?
2
Let u(l) = -12*l**3 - l**2 - 2*l - 2. Let j be u(-1). Let s = j + -7. Suppose 2*w + s*w = 414. What is the tens digit of w?
6
Let d = 41 - 39. Suppose 4*f + 0*z - d*z - 76 = 0, -z = 2*f - 30. What is the units digit of f?
7
Let i(u) = -11*u - 8. Suppose 3 = -4*c + c. Let o(w) = 5*w**3 - w. Let p be o(c). What is the units digit of i(p)?
6
What is the units digit of 1043 + 6/(-2)*1?
0
Let s = 7 - 3. Suppose -2*x - 154 = -4*x + 4*n, 233 = 3*x - s*n. What is the units digit of x?
9
Let m = 2078 + -735. What is the thousands digit of m?
1
Let c(o) = -o**2 - 13*o - 5. Suppose -1 = -5*j + 14. Suppose 10*t = j*t - 70. What is the units digit of c(t)?
5
Let s(q) be the first derivative of -11*q**2/2 + 2*q - 7. What is the units digit of s(-5)?
7
Let r = 9 + -5. Suppose -4*u - a + 118 = 0, r*u = u - 2*a + 86. What is the tens digit of 462/u - 9/(-15)?
1
Let r(l) = l + 4. Suppose 0 = x - 0 + 6. Let b be r(x). What is the units digit of (-204)/(-26) - b/13?
8
Let a(z) = -z**3 - 5*z**2 - 4*z + 39. What is the hundreds digit of a(-14)?
8
Suppose 0 = 4*g - 4*m + 4, -4*g + 11 + 9 = 4*m. Let w(s) = s**3 + 1 - 8*s + 11*s - s**2 - g*s**2. What is the units digit of w(3)?
0
Let c(w) = 30*w - 4. Let d be c(-5). Let s = d - -241. What is the units digit of s?
7
Let j(k) = -38*k - 376. What is the tens digit of j(-57)?
9
Let q = -12 + 10. Let v be (-1)/q + (-549)/(-6). Suppose 0 = -12*r + 16*r - v. What is the tens digit of r?
2
Let i(l) = 2*l**2 + 10*l + 3. Let b be i(-5). Suppose 3*s = 3, b*s = -4*u + s + 410. What is the tens digit of u?
0
Let s be -1*(-4)/(-2) - -5. Suppose o + 4*f = 11 + 4, 0 = -5*o - 5*f + 30. Suppose -o*x = -3*u - 3, 5*x + 1 = 3*x + s*u. What is t